he highest common divisor of 54 and s?
27
Let c be (-3)/((-18)/8 - -2). Let r be (-2)/4*(-140)/7. Suppose -20 = -c*j + r*j. Calculate the greatest common divisor of 10 and j.
10
Let w(x) = -x**2 - x + 65. Let b be w(0). Let t(d) = -d**3 - 7*d**2 + 49*d + 305. Let f be t(-9). Calculate the greatest common divisor of f and b.
13
Let d(q) = -2*q**2 + 3*q - 7. Let y be d(3). Let x be y/12*3 + 60. What is the highest common divisor of 7 and x?
7
Suppose 4*m - 292 = 2348. Calculate the greatest common divisor of m and 60.
60
Suppose -4 - 12 = 4*t, -3*z + 3*t + 129 = 0. What is the highest common divisor of 3 and z?
3
Suppose -13*g - 14*g = -19008. Calculate the greatest common divisor of g and 22.
22
Let f = 2118 - 1325. Calculate the highest common divisor of f and 427.
61
Suppose -p + 29877 = 3*d, -2*p = -d + p + 9969. Suppose 3*i + d = 7*i. Let h be (-3)/5 - i/(-25). Calculate the highest common factor of 9 and h.
9
Let x = -529 - -537. What is the highest common divisor of 10 and x?
2
Let w = -63 + 61. Let l be w/(-4) + (-470)/(-20). Calculate the highest common factor of l and 32.
8
Let d(n) = 51*n + 12. Let y be d(5). Suppose 0 = -4*o + g + 520, -4*o + 2*g + y + 253 = 0. Calculate the greatest common factor of o and 13.
13
Let i be 261/58*24/9. What is the greatest common factor of 20 and i?
4
Let k be (152/(-10))/((-72)/(-40) + -2). Calculate the highest common factor of 19 and k.
19
Suppose -h - 4 = -o - 0, -3*h - 18 = -5*o. Let p be (3 + 0 - 4)*h. Let b be p/(-1*3/(-48)). What is the greatest common divisor of b and 16?
16
Let f(d) be the first derivative of -d**4/4 + d**3/3 - d**2/2 + 12*d - 1. Let g be f(0). Let z be -4*6*g/(-9). What is the highest common divisor of z and 48?
16
Suppose -4*l - 46 - 92 = -3*q, 2*q = 4*l + 88. Suppose 625 = -t + 6*t. Calculate the highest common divisor of t and q.
25
Let x(o) = -o**3 - o**2 + 5*o + 4. Let c be x(-3). Suppose -2*i + i = -v - 9, 4*v + 50 = 5*i. What is the highest common factor of i and c?
7
Let k be (2 - -91) + 6/2. Let i = 53 - k. Let v = i + 60. What is the greatest common divisor of 153 and v?
17
Let a(v) = -82*v**3 + 31*v - 30*v + 22*v**3 + v**2. Let o be a(-1). What is the greatest common divisor of o and 20?
20
Let w(g) = 23*g - 126. Let x be w(6). What is the greatest common divisor of x and 27?
3
Suppose 45*h - 2787 + 1062 = 22*h. Let s(b) = -3*b**2 + 25 + b**2 + b**2. Let t be s(0). Calculate the greatest common divisor of t and h.
25
Let q(j) = 68 - 58 - 16*j + 14*j. Let g be q(0). Calculate the greatest common factor of g and 170.
10
Let l be 1/((-2)/(-80)) + -1. Let u be 18/(-27) - 80/(-3). What is the greatest common factor of l and u?
13
Suppose 5*j - j - 4 = 2*q, 12 = 4*j. What is the greatest common factor of q and 676?
4
Suppose -303 = -38*d + 2167. What is the highest common factor of d and 15?
5
Let v(z) = z**2 + 10*z + 56. Let o be v(-22). What is the highest common divisor of 15 and o?
5
Let d = 14 - 0. Let f = -15 + d. Let a be f/((-2 - 0)/28). What is the greatest common divisor of a and 2?
2
Let d(y) = 2*y**3 + 14*y**2 - y + 10. Let g be d(3). What is the highest common divisor of g and 77?
11
Let t(p) = p**2 + 2*p. Let x be t(-2). Let s be (4*(x + 2))/2. Calculate the highest common divisor of s and 1.
1
Suppose 0 = 3*u + 3*j + 42, 2*u - 4*j + 3 = -49. Let v = 21 + u. Suppose -11 = -c + v. Calculate the greatest common divisor of 14 and c.
14
Let f = 3 - 6. Let y be 28 - ((-12)/f - 4). Suppose 2*t = 4*t - y. What is the greatest common factor of 42 and t?
14
Let c be (1 + 2 - 2)/1. Let x = c + -11. Let h(m) = m**3 + 12*m**2 + 9*m. Let u be h(x). What is the highest common factor of u and 22?
22
Suppose 69 = 3*o + 15. Let v be (o/(-27))/((-4)/(-42)). Let x = v + 15. Calculate the highest common factor of 24 and x.
8
Suppose -t = 3*z - 6, 0*z - 5 = -2*t + z. Suppose y + 4*c + t = 0, -3*y + 6 = 5*c - 6. Suppose 47 = -5*m + 182. What is the greatest common divisor of m and y?
9
Suppose -5*s + 4*a = -750, 4*s + 0*s = -4*a + 600. Calculate the highest common divisor of 330 and s.
30
Let x = 3 - -28. Suppose -r - 4*r = -4250. Suppose -f + 4*i = -259, -4*f + 5*i + 241 = -r. Calculate the greatest common divisor of f and x.
31
Let u = 196 + 69. What is the greatest common factor of u and 53?
53
Let a be 2*3/(-2) - -3. Let w(c) = -2*c**2 + 5*c**2 + 0*c + 2 - 2*c**2 + c. Let d be w(a). Calculate the greatest common factor of d and 2.
2
Let i = 14 - -4. Let x be 4/18 - (-86)/i. Suppose -9*k + 4*k + 100 = 0. What is the greatest common factor of x and k?
5
Let v = -17 + 18. Let r be (1 - -1)/((-2)/(-56)*v). Calculate the highest common factor of 8 and r.
8
Let x(r) = 3*r**3 - 5*r**2 + 2*r - 5. Let m be x(4). Let i be (-183)/(-2) - (-5)/10. Let o be ((-1)/(-2))/(2/i). What is the highest common divisor of m and o?
23
Let q = -8 - -56. Suppose 0*s + 3*s - 15 = 0. Suppose -s*h - 80 = -10*h. Calculate the highest common factor of q and h.
16
Let g = 87 - 65. Suppose g - 154 = -3*a. Let c(k) = -k**3 + 3*k**2 + 5*k. Let m be c(4). Calculate the greatest common factor of m and a.
4
Suppose -265*w + 1287 = -262*w. Calculate the greatest common divisor of w and 66.
33
Suppose 0 = -o + 3*n + 22, 4*o - 58 = n + 74. Calculate the highest common factor of 170 and o.
34
Let q be (-3)/(3/60*-3). Let i = 820 - 770. What is the greatest common factor of q and i?
10
Let g be (10/(-7))/(3/(-147)). Calculate the greatest common factor of 20 and g.
10
Let f be ((-4)/6)/(5/(-45)). Let x be f/10 - -33*12/15. What is the greatest common divisor of 3 and x?
3
Let a be 1960/50 - (-4)/5. Calculate the greatest common divisor of 360 and a.
40
Let q be 270/8 + (-33)/44. Suppose -9*w + 57 = -q. Calculate the greatest common factor of w and 40.
10
Suppose 2*b + b + 585 = 5*r, 110 = r - 2*b. Let k = 9 - 6. Suppose 5*c = k*o - 65, 2*c = -8*o + 3*o + 67. What is the greatest common divisor of o and r?
15
Let z be (-7299)/(-45) + (-4)/20. What is the highest common factor of 90 and z?
18
Let u(b) = -b**3 + 10*b**2 - 26*b + 15. Let z be u(6). Calculate the highest common divisor of z and 123.
3
Let t be 4 - (4 - 42/3). Let b be t/(-49) - 30/(-7). Let p be b - (-14 - (-3)/(-1)). What is the greatest common divisor of p and 21?
21
Let m(q) = -3*q + 9. Let l be m(-7). Suppose -96*z + 48 = -94*z. Calculate the highest common divisor of z and l.
6
Suppose 0 = -6*g - g + 35. Suppose -g*m + 267 = -13. What is the greatest common divisor of 42 and m?
14
Let z(l) = l**2 - 16*l - 15. Let k be z(17). Suppose -36 = -2*a + a + 3*p, -k*a - 5*p = -50. What is the highest common divisor of 10 and a?
10
Let f be (-1*(-7)/2)/(2/32). Suppose -v - 2 = -10. Calculate the highest common factor of v and f.
8
Let h(u) = -19*u**2 + 1. Let d be h(2). Let w = -11 - d. Suppose 2*t - s + 9 - 25 = 0, -3*t + 5*s = -24. Calculate the highest common factor of t and w.
8
Let t(o) = 2*o**2 + 18*o + 17. Let n be t(-8). Let m be (-7)/(-2) + 6/4. Suppose 7 = -m*v + 17. Calculate the highest common divisor of v and n.
1
Let t = -32 + 35. Suppose -7*n + 52 = -t*n. Calculate the greatest common factor of n and 143.
13
Let g(k) = -k**2 - 14*k - 17. Let s be g(-8). Suppose -3*p = 15, 3*v + 5*p = 142 + s. What is the greatest common factor of v and 6?
6
Let p be (0 - -53 - 4) + 15/(-5). What is the highest common factor of 207 and p?
23
Suppose -4*n + 500 = -3*n + 5*a, -2*n + a + 945 = 0. Calculate the greatest common factor of n and 19.
19
Suppose -3*t - 12 - 12 = 0. Let y be (t/(-5))/(26/(-325)). Let b be 20/6*(-108)/y. What is the highest common factor of 126 and b?
18
Suppose 117*g - 115*g = 6. Suppose g*w = 25 - 10. What is the greatest common factor of 10 and w?
5
Let v = 80 + -36. Let l = -53 - -64. What is the highest common factor of l and v?
11
Let m be (-6)/(4/2) + 5. Suppose -6*x = 5*y - m*x - 532, -4*x = -4*y + 404. Suppose -2*q + 4*q - 52 = 0. Calculate the greatest common divisor of y and q.
26
Suppose -2*n + 4 = -n. Let m(j) = -n*j + j + 4 - 3 + 12*j + 4*j**2. Let b be m(-5). Calculate the highest common divisor of b and 8.
8
Let n = -13 - -22. Suppose 6*j + 1361 + 1111 = 0. Let u be -4 + 1/((-4)/j). What is the greatest common factor of u and n?
9
Suppose -106*f + 12775 = -33*f. What is the highest common divisor of 63 and f?
7
Let k 